{"id":28,"date":"2019-10-07T14:12:23","date_gmt":"2019-10-07T12:12:23","guid":{"rendered":"http:\/\/institut-lapalud.fr\/?page_id=28"},"modified":"2025-04-11T14:55:12","modified_gmt":"2025-04-11T12:55:12","slug":"spa-seance-hammam-sauna-hydro-massage-luminotherapie-linstitut-lapalud","status":"publish","type":"page","link":"https:\/\/institut-lapalud.fr\/?page_id=28","title":{"rendered":"MASSAGE BIEN-ETRE"},"content":{"rendered":"\t\t<div data-elementor-type=\"wp-page\" data-elementor-id=\"28\" class=\"elementor elementor-28\">\n\t\t\t\t\t\t<div class=\"elementor-inner\">\n\t\t\t\t<div class=\"elementor-section-wrap\">\n\t\t\t\t\t\t\t\t\t<section class=\"elementor-section elementor-top-section elementor-element elementor-element-f549739 elementor-section-boxed elementor-section-height-default elementor-section-height-default\" data-id=\"f549739\" data-element_type=\"section\">\n\t\t\t\t\t\t<div class=\"elementor-container elementor-column-gap-default\">\n\t\t\t\t\t\t\t<div class=\"elementor-row\">\n\t\t\t\t\t<div class=\"elementor-column elementor-col-100 elementor-top-column elementor-element elementor-element-8722f71\" data-id=\"8722f71\" data-element_type=\"column\">\n\t\t\t<div class=\"elementor-column-wrap elementor-element-populated\">\n\t\t\t\t\t\t\t<div class=\"elementor-widget-wrap\">\n\t\t\t\t\t\t<div class=\"elementor-element elementor-element-4b4ac67 elementor-widget elementor-widget-heading\" data-id=\"4b4ac67\" data-element_type=\"widget\" data-widget_type=\"heading.default\">\n\t\t\t\t<div class=\"elementor-widget-container\">\n\t\t\t<h2 class=\"elementor-heading-title elementor-size-default\">SOIN CORPS  ET MODELAGE (MASSAGE) BIEN ETRE<br><br><\/h2>\t\t<\/div>\n\t\t\t\t<\/div>\n\t\t\t\t\t\t<\/div>\n\t\t\t\t\t<\/div>\n\t\t<\/div>\n\t\t\t\t\t\t\t\t<\/div>\n\t\t\t\t\t<\/div>\n\t\t<\/section>\n\t\t\t\t<section class=\"elementor-section elementor-top-section elementor-element elementor-element-891785a elementor-section-boxed elementor-section-height-default elementor-section-height-default\" data-id=\"891785a\" data-element_type=\"section\">\n\t\t\t\t\t\t<div class=\"elementor-container elementor-column-gap-default\">\n\t\t\t\t\t\t\t<div class=\"elementor-row\">\n\t\t\t\t\t<div class=\"elementor-column elementor-col-50 elementor-top-column elementor-element elementor-element-5fa81bc\" data-id=\"5fa81bc\" data-element_type=\"column\">\n\t\t\t<div class=\"elementor-column-wrap elementor-element-populated\">\n\t\t\t\t\t\t\t<div class=\"elementor-widget-wrap\">\n\t\t\t\t\t\t<div class=\"elementor-element elementor-element-4b5b5aa elementor-widget elementor-widget-image\" data-id=\"4b5b5aa\" data-element_type=\"widget\" data-widget_type=\"image.default\">\n\t\t\t\t<div class=\"elementor-widget-container\">\n\t\t\t\t\t\t\t\t<div class=\"elementor-image\">\n\t\t\t\t\t\t\t\t\t\t\t\t<img decoding=\"async\" width=\"300\" height=\"225\" src=\"https:\/\/institut-lapalud.fr\/wp-content\/uploads\/2024\/01\/20240111_085538-300x225.jpg\" class=\"attachment-medium size-medium wp-image-1757\" alt=\"\" loading=\"lazy\" srcset=\"https:\/\/institut-lapalud.fr\/wp-content\/uploads\/2024\/01\/20240111_085538-300x225.jpg 300w, https:\/\/institut-lapalud.fr\/wp-content\/uploads\/2024\/01\/20240111_085538-1024x768.jpg 1024w, https:\/\/institut-lapalud.fr\/wp-content\/uploads\/2024\/01\/20240111_085538-768x576.jpg 768w, https:\/\/institut-lapalud.fr\/wp-content\/uploads\/2024\/01\/20240111_085538-1536x1152.jpg 1536w, https:\/\/institut-lapalud.fr\/wp-content\/uploads\/2024\/01\/20240111_085538-2048x1536.jpg 2048w\" sizes=\"(max-width: 300px) 100vw, 300px\" \/>\t\t\t\t\t\t\t\t\t\t\t\t\t\t<\/div>\n\t\t\t\t\t\t<\/div>\n\t\t\t\t<\/div>\n\t\t\t\t\t\t<\/div>\n\t\t\t\t\t<\/div>\n\t\t<\/div>\n\t\t\t\t<div class=\"elementor-column elementor-col-50 elementor-top-column elementor-element elementor-element-01c1c29\" data-id=\"01c1c29\" data-element_type=\"column\">\n\t\t\t<div class=\"elementor-column-wrap elementor-element-populated\">\n\t\t\t\t\t\t\t<div class=\"elementor-widget-wrap\">\n\t\t\t\t\t\t<div class=\"elementor-element elementor-element-4e4ee27 elementor-widget elementor-widget-image\" data-id=\"4e4ee27\" data-element_type=\"widget\" data-widget_type=\"image.default\">\n\t\t\t\t<div class=\"elementor-widget-container\">\n\t\t\t\t\t\t\t\t<div class=\"elementor-image\">\n\t\t\t\t\t\t\t\t\t\t\t\t<img decoding=\"async\" width=\"225\" height=\"300\" src=\"https:\/\/institut-lapalud.fr\/wp-content\/uploads\/2019\/10\/IMG_20191014_161129-225x300.jpg\" class=\"attachment-medium size-medium wp-image-188\" alt=\"\" loading=\"lazy\" srcset=\"https:\/\/institut-lapalud.fr\/wp-content\/uploads\/2019\/10\/IMG_20191014_161129-225x300.jpg 225w, https:\/\/institut-lapalud.fr\/wp-content\/uploads\/2019\/10\/IMG_20191014_161129-768x1024.jpg 768w\" sizes=\"(max-width: 225px) 100vw, 225px\" \/>\t\t\t\t\t\t\t\t\t\t\t\t\t\t<\/div>\n\t\t\t\t\t\t<\/div>\n\t\t\t\t<\/div>\n\t\t\t\t\t\t<\/div>\n\t\t\t\t\t<\/div>\n\t\t<\/div>\n\t\t\t\t\t\t\t\t<\/div>\n\t\t\t\t\t<\/div>\n\t\t<\/section>\n\t\t\t\t<section class=\"elementor-section elementor-top-section elementor-element elementor-element-4b938fc elementor-section-boxed elementor-section-height-default elementor-section-height-default\" data-id=\"4b938fc\" data-element_type=\"section\">\n\t\t\t\t\t\t<div class=\"elementor-container elementor-column-gap-default\">\n\t\t\t\t\t\t\t<div class=\"elementor-row\">\n\t\t\t\t\t<div class=\"elementor-column elementor-col-100 elementor-top-column elementor-element elementor-element-b7585c6\" data-id=\"b7585c6\" data-element_type=\"column\">\n\t\t\t<div class=\"elementor-column-wrap elementor-element-populated\">\n\t\t\t\t\t\t\t<div class=\"elementor-widget-wrap\">\n\t\t\t\t\t\t<div class=\"elementor-element elementor-element-4729812 elementor-widget elementor-widget-text-editor\" data-id=\"4729812\" data-element_type=\"widget\" data-widget_type=\"text-editor.default\">\n\t\t\t\t<div class=\"elementor-widget-container\">\n\t\t\t\t\t\t\t\t<div class=\"elementor-text-editor elementor-clearfix\">\n\t\t\t\t<p style=\"text-align: center;\"><span style=\"text-decoration: underline;\"><span style=\"color: #000000;\"><strong>MODELAGE (MASSAGE)<\/strong><\/span><\/span><\/p><p><span style=\"text-decoration: underline;\"><span style=\"color: #000000;\"><strong>MASSAGE AMMA*<\/strong><\/span><\/span> <span style=\"color: #666699;\"><strong>25MIN\/20\u20ac<\/strong><\/span><\/p><p><span style=\"text-decoration: underline;\"><span style=\"color: #000000;\"><strong>MASSAGE LIFTANT JAPONAIS DU VISAGE (TECH KOBIDO)*<\/strong><\/span><\/span> <span style=\"color: #666699;\"><strong>1H\/60\u20ac<\/strong><\/span><\/p><p><span style=\"text-decoration: underline;\"><span style=\"color: #000000;\"><strong>MASSAGE CRANIEN SHIROTCHAMPI*<\/strong><\/span><\/span> <span style=\"color: #666699;\"><strong>30MIN\/35\u20ac<\/strong><\/span><\/p><p><span style=\"color: #000000;\"><span style=\"text-decoration: underline;\"><strong>MASSAGE SERPENTIN* 40MIN\/40\u20ac OU AVEC GOMMAGE<\/strong><\/span><strong> <span style=\"color: #666699;\">1H<\/span><\/strong><span style=\"color: #666699;\"><strong>\u00a080\u20ac<\/strong><\/span><\/span><\/p><p><span style=\"text-decoration: underline;\"><span style=\"color: #000000;\"><strong>MASSAGE BALINAIS*<\/strong><\/span><\/span> <span style=\"color: #666699;\"><strong>1H10 75\u20ac<\/strong><\/span><\/p><p><span style=\"text-decoration: underline;\"><strong><span style=\"color: #000000; text-decoration: underline;\">MASSAGE SPORTIF<\/span><\/strong><\/span> <span style=\"color: #666699;\"><strong>45MIN\/50\u20ac 1H\/70\u20ac<\/strong><\/span><\/p><p><span style=\"text-decoration: underline;\"><span style=\"color: #000000;\"><strong>MASSAGE RELAXANT\u00a0<\/strong><\/span><\/span><span style=\"color: #000000;\"><strong>\u00a0<span style=\"color: #666699;\">30MIN35\u20ac 50MIN 60\u20ac\u00a0 1H70\u20ac<\/span><\/strong><\/span><\/p><p><span style=\"text-decoration: underline;\"><span style=\"color: #000000;\"><strong>REFLEXOLOGIE PLANTAIRE<\/strong><\/span><\/span> <span style=\"color: #666699;\"><strong>45MIN\/45\u20ac<\/strong><\/span><\/p><p><span style=\"text-decoration: underline;\"><strong><span style=\"color: #000000; text-decoration: underline;\">MASSAGE DES PIEDS<\/span><\/strong><\/span> <span style=\"color: #666699;\"><strong>25MIN\/30\u20ac<\/strong><\/span><\/p><p><strong><span style=\"text-decoration: underline; color: #000000;\">MASSAGE DRAINAGE LYMPHATIQUE\u00a0 METHODE VODDER*<\/span><\/strong> <span style=\"color: #666699;\"><strong>JAMBE LEGERE 30\u20ac, HAUT\u00a0 DU CORPS ventre et dos 30\u20ac, visage 15\u20ac, COMPLET corps et visage 50MIN 60\u20ac<\/strong><\/span><\/p><p>*En bas de page Origine, bienfait , contre-indication des diff\u00e9rents types de massage.<\/p>\t\t\t\t\t<\/div>\n\t\t\t\t\t\t<\/div>\n\t\t\t\t<\/div>\n\t\t\t\t\t\t<\/div>\n\t\t\t\t\t<\/div>\n\t\t<\/div>\n\t\t\t\t\t\t\t\t<\/div>\n\t\t\t\t\t<\/div>\n\t\t<\/section>\n\t\t\t\t<section class=\"elementor-section elementor-top-section elementor-element elementor-element-40fe32a elementor-section-boxed elementor-section-height-default elementor-section-height-default\" data-id=\"40fe32a\" data-element_type=\"section\">\n\t\t\t\t\t\t<div class=\"elementor-container elementor-column-gap-default\">\n\t\t\t\t\t\t\t<div class=\"elementor-row\">\n\t\t\t\t\t<div class=\"elementor-column elementor-col-100 elementor-top-column elementor-element elementor-element-460c5c9\" data-id=\"460c5c9\" data-element_type=\"column\">\n\t\t\t<div class=\"elementor-column-wrap elementor-element-populated\">\n\t\t\t\t\t\t\t<div class=\"elementor-widget-wrap\">\n\t\t\t\t\t\t\t\t<\/div>\n\t\t\t\t\t<\/div>\n\t\t<\/div>\n\t\t\t\t\t\t\t\t<\/div>\n\t\t\t\t\t<\/div>\n\t\t<\/section>\n\t\t\t\t<section class=\"elementor-section elementor-top-section elementor-element elementor-element-7d49128 elementor-section-boxed elementor-section-height-default elementor-section-height-default\" data-id=\"7d49128\" data-element_type=\"section\">\n\t\t\t\t\t\t<div class=\"elementor-container elementor-column-gap-default\">\n\t\t\t\t\t\t\t<div class=\"elementor-row\">\n\t\t\t\t\t<div class=\"elementor-column elementor-col-100 elementor-top-column elementor-element elementor-element-8d91ed4\" data-id=\"8d91ed4\" data-element_type=\"column\">\n\t\t\t<div class=\"elementor-column-wrap elementor-element-populated\">\n\t\t\t\t\t\t\t<div class=\"elementor-widget-wrap\">\n\t\t\t\t\t\t<div class=\"elementor-element elementor-element-e4a046d elementor-widget elementor-widget-text-editor\" data-id=\"e4a046d\" data-element_type=\"widget\" data-widget_type=\"text-editor.default\">\n\t\t\t\t<div class=\"elementor-widget-container\">\n\t\t\t\t\t\t\t\t<div class=\"elementor-text-editor elementor-clearfix\">\n\t\t\t\t<p style=\"text-align: center;\"><span style=\"color: #008080;\"><span style=\"vertical-align: inherit;\"><span style=\"vertical-align: inherit;\"><span style=\"vertical-align: inherit;\"><span style=\"vertical-align: inherit;\">SOIN\/ MASSAGE (modelage)\u00a0 \u00a0<\/span><\/span><\/span><\/span><\/span><\/p><p><span style=\"color: #008080;\"><strong>ENVELOPPEMENT THERMOTHERAPIE Amincissant 45MIN 40\u20ac<\/strong><\/span><\/p><p><span style=\"color: #008080;\"><strong>SOIN DETOX\u00a0 1H\u00a0 <\/strong>\u00a0 Enveloppement thermoth\u00e9rapie 30 min , modelage du\u00a0 visage 20 min 60\u20ac 1H<\/span><\/p><p><span style=\"color: #008080;\"><strong><span style=\"vertical-align: inherit;\"><span style=\"vertical-align: inherit;\"><span style=\"vertical-align: inherit;\"><span style=\"vertical-align: inherit;\">SOIN BIEN-ETRE:<\/span><\/span><\/span><\/span><\/strong><span style=\"vertical-align: inherit;\"><span style=\"vertical-align: inherit;\"><span style=\"vertical-align: inherit;\"><span style=\"vertical-align: inherit;\"> MASSAGE\u00a0 DU DOS DE 40 MIN, DU VISAGE 40 MIN &#8230; 1H20\/ 90\u20ac<\/span><\/span><\/span><\/span><\/span><\/p><p><span style=\"color: #008080;\"><strong>\u00a0EVASION<\/strong>\u00a0 Enveloppement chauffant,\u00a0 modelage visage 30min, modelage corps 1H\u00a0 \u00a0 \u00a0140\u20ac 2h20<\/span><\/p>\t\t\t\t\t<\/div>\n\t\t\t\t\t\t<\/div>\n\t\t\t\t<\/div>\n\t\t\t\t\t\t<\/div>\n\t\t\t\t\t<\/div>\n\t\t<\/div>\n\t\t\t\t\t\t\t\t<\/div>\n\t\t\t\t\t<\/div>\n\t\t<\/section>\n\t\t\t\t<section class=\"elementor-section elementor-top-section elementor-element elementor-element-e5e58e8 elementor-section-boxed elementor-section-height-default elementor-section-height-default\" data-id=\"e5e58e8\" data-element_type=\"section\">\n\t\t\t\t\t\t<div class=\"elementor-container elementor-column-gap-default\">\n\t\t\t\t\t\t\t<div class=\"elementor-row\">\n\t\t\t\t\t<div class=\"elementor-column elementor-col-100 elementor-top-column elementor-element elementor-element-8d1ee1b\" data-id=\"8d1ee1b\" data-element_type=\"column\">\n\t\t\t<div class=\"elementor-column-wrap elementor-element-populated\">\n\t\t\t\t\t\t\t<div class=\"elementor-widget-wrap\">\n\t\t\t\t\t\t<div class=\"elementor-element elementor-element-bbdf10b elementor-widget elementor-widget-text-editor\" data-id=\"bbdf10b\" data-element_type=\"widget\" data-widget_type=\"text-editor.default\">\n\t\t\t\t<div class=\"elementor-widget-container\">\n\t\t\t\t\t\t\t\t<div class=\"elementor-text-editor elementor-clearfix\">\n\t\t\t\t<p><span style=\"text-decoration: underline;\"><span style=\"color: #993366; text-decoration: underline;\"><strong>MASSAGE AMMA*<\/strong><\/span><\/span><\/p><p>Massage du dos assis sur une chaise ergonomique. Le Amma est une m\u00e9thode de d\u00e9tente corporelle et mentale selon un art traditionnel japonais d&rsquo;acupression. Les bienfaits:\u00a0<\/p><p>-Activation du syst\u00e8me immunitaire, entretien tonus musculaire, stimulation des activit\u00e9s des organes, activation de la circulation sanguine et lymphatique, favorise un sommeil r\u00e9parateur, oxyg\u00e8ne le cerveau et augmente la concentration, la cr\u00e9ativit\u00e9 et les performances intellectuelles, d\u00e9clenchement d&rsquo;\u00e9motion positive, amenuise les effets du stress.<\/p><p>Fr\u00e9quence\u00a0 1 \u00e0 2 fois\u00a0 par semaine.<\/p><p>Contre-indiquer pour les femmes enceintes, sur des cicatrices r\u00e9centes (- 3 mois), sur un \u00e9tat inflammatoire, un avis m\u00e9dical sera n\u00e9cessaire pour toute personne souffrant de phl\u00e9bites, thrombose, varices, trouble cardiaque (art\u00e9rioscl\u00e9rose, hypertension, et;;) ou de diab\u00e8te.<\/p><p><span style=\"text-decoration: underline;\"><strong><span style=\"color: #993366; text-decoration: underline;\">MASSAGE LIFTANT DU VISAGE ISSU DE TECHNIQUE KOBIDO*<\/span><\/strong><\/span><\/p><p>La pratique du Kobido s&rsquo;\u00e9tablit en 1472 au japon. Autrefois privil\u00e8ge unique des imp\u00e9ratrices au japon, en 1984 aux Etats-Unis, ensuite depuis peu en France.<\/p><p>Le but ultime du massage liftant ( kobido) est de produire des r\u00e9sultats imm\u00e9diats de lifting gr\u00e2ce \u00e0 l&rsquo;incorporation de mouvements shiatsu et de techniques stimulant les nerfs faciaux qui atteignent les cellules de la peau. Cela am\u00e9liore la circulation du sang , qui\u00a0 aide \u00e0 distribuer les \u00e9l\u00e9ments nutritifs aux diff\u00e9rentes partie du corps et aide \u00e0 supprimer les toxines et les cellules mortes de la peau. Cette action , \u00e0 son tour fournit de l&rsquo;oxyg\u00e8ne et nourrit les cellules de la peau pour lui permettre de se reconstruire. Les points d&rsquo;acupression sont activ\u00e9s. La d\u00e9tente, le stress sera diminu\u00e9.<\/p><p>Contre indication: Fi\u00e8vre, fracture de le t\u00eate, fracture des cervicales, probl\u00e8me de peau.<\/p><p><span style=\"color: #993366;\"><strong><span style=\"text-decoration: underline;\">MASSAGE SHIROTCHAMPI*<\/span><\/strong><\/span><\/p><p>Massage traditionnel indien de la t\u00eate. Equilibre physique et mental. Le shirotchampi est une technique de d\u00e9tente cr\u00e2nienne inspir\u00e9e de la m\u00e9decine ayurv\u00e9dique , qui se transmet de m\u00e8re en fille.\u00a0<\/p><p>Les bienfaits: Favorise le sommeil, stimulation de la circulation sanguine et lymphatique, r\u00e9duit la\u00a0 fatigue mentale, anxi\u00e9t\u00e9, stress et fatigue nerveuse, am\u00e9liore la congestion nasale, sinusite, effet benefique pour les tensions oculaires, dispersion des toxines des muscles nou\u00e9s&#8230;<\/p><p>Contre-indications: Grossesse de moin de 3 mois, Fi\u00e8vre, maladie contagieuse, zone infectieuse, choc r\u00e9cent \u00e0 la t\u00eate ou au cou, pressions art\u00e8rielles importantes.<\/p><p><span style=\"text-decoration: underline; color: #993366;\"><strong>MODELAGE SERPENTIN*<\/strong><\/span><\/p><p>Massage relaxant en surface, de grande man\u0153uvre lente pour acqu\u00e9rir un bien-\u00eatre mental, et physique.<\/p><p>Contre-indication: Femme enceinte<\/p><p><span style=\"text-decoration: underline;\"><strong><span style=\"color: #993366; text-decoration: underline;\">MASSAGE BALINAIS*<\/span><\/strong><\/span><\/p><p>Le modelage Balinais originaire de Bali, est un m\u00e9lange de technique chinoise, indienne et ayurv\u00e9dique. Il associe la relaxation, la douceur, et la tonicit\u00e9. Pressions appuy\u00e9s, man\u0153uvre sur les points d&rsquo;\u00e9nergie.<\/p><p>Les bien-faits: D\u00e9tend les tensions musculaires, fait circuler le sang, drainer le corps, et relaxer l&rsquo;esprit. Calme, apaise, hydrate la peau, apporte un regain d&rsquo;\u00e9nergie.<\/p><p>Contre indication: Pas conseill\u00e9 aux femmes enceintes, ni aux personnes souffrant d&rsquo;importantes l\u00e9sions sur la peau.<\/p><p><strong><span style=\"text-decoration: underline; color: #993366;\">MASSAGE SPORTIF*<\/span><\/strong><\/p><p>Le massage sportif est une technique de confort non th\u00e9rapeutique. Une technique incontournable pour lib\u00e9rer les tensions et soulager les douleurs. Ce massage implique des mouvements d&rsquo;\u00e9tirements, de pressions, de vibrations et de p\u00e9trissage qui contribuent \u00e0 lib\u00e9rer les tensions, \u00e0 l&rsquo;assouplissement des tissus musculaires et \u00e0 la r\u00e9duction des courbatures.\u00a0<\/p><p>Peut \u00eatre effectu\u00e9 en pr\u00e9paration \u00e0 l&rsquo;effort ou en r\u00e9cup\u00e9ration apr\u00e8s l&rsquo;effort.<\/p><p>Bienfaits: Elle \u00e9limine les toxines responsables des contractures et des crampes. Lib\u00e9ration musculaires et articulaires, r\u00e9cup\u00e9ration de l&rsquo;amplitude du mouvement, r\u00e9\u00e9quilibrage postural sont ses ponts forts. Peut convenir \u00e0\u00a0 partir de 10ans.<\/p><p>Contre -indications et pr\u00e9cautions :\u00a0 Cancer, phl\u00e9bite et paraphl\u00e9bite, fi\u00e8vre, inflammation, lymph\u0153d\u00e8me, varice, diab\u00e8te, hypertension et probl\u00e8mes cardiaques, h\u00e9mophilie, ost\u00e9oporose, et fragilit\u00e9 osseuse et articulair, femme enceinte. r\u00e9serve sous avis m\u00e9dical.<\/p><p><span style=\"text-decoration: underline; color: #993366;\"><strong>MASSAGE DRAINAGE LYMPHATIQUE METHODE VODDER ESTHETIQUE<\/strong><\/span><\/p><p>Le drainage lymphatique est une des fonctions naturelles et automatique de l&rsquo;organisme, son alt\u00e9ration pourra entrainer une s\u00e9rie de trouble fonctionnels ou esth\u00e9tiques.<\/p><p>Il permet de favoriser\u00a0 avec succ\u00e9s la circulation de\u00a0 retour\u00a0 et l&rsquo;\u00e9limination des d\u00e9chets interstitiels cr\u00e9ant ainsi une v\u00e9ritable r\u00e9g\u00e9n\u00e9ration de l&rsquo;ensemble des tissus\u00a0 et un nettoyage en profondeur de la peau.<\/p><p>BIENFAITS: Boost les d\u00e9fenses immunitaires, Revitalisation cellulaire naturelle, Action anti-stresse, Action anti-fatigue, Rajeunissement global du corps, Action pr\u00e9ventive des troubles circulatoires, Am\u00e9lioration de la m\u00e9moire, des fonctions m\u00e9taboliques et immunitaires de d\u00e9fens. Raffermissant et nourrissant.<\/p><p>CONTRE INDICATIONS:\u00a0<\/p><p>Les troubles du rythme cardiaque et les accidents r\u00e9cents: infarctus du myocarde, angine de poitrine.<\/p><p>Les \u00e9tats de phl\u00e9bite, les varices TRES d\u00e9velopp\u00e9es, les ulc\u00e8res variqueux, cancer, maladies infectieuses avec fi\u00e8vre, hyper thyro\u00efde, grossesse \u00e0 par les jambes.<\/p>\t\t\t\t\t<\/div>\n\t\t\t\t\t\t<\/div>\n\t\t\t\t<\/div>\n\t\t\t\t\t\t<\/div>\n\t\t\t\t\t<\/div>\n\t\t<\/div>\n\t\t\t\t\t\t\t\t<\/div>\n\t\t\t\t\t<\/div>\n\t\t<\/section>\n\t\t\t\t\t\t\t\t\t<\/div>\n\t\t\t<\/div>\n\t\t\t\t\t<\/div>\n\t\t","protected":false},"excerpt":{"rendered":"<p>SOIN CORPS ET MODELAGE (MASSAGE) BIEN ETRE MODELAGE (MASSAGE) MASSAGE AMMA* 25MIN\/20\u20ac MASSAGE LIFTANT JAPONAIS DU VISAGE (TECH KOBIDO)* 1H\/60\u20ac MASSAGE CRANIEN SHIROTCHAMPI* 30MIN\/35\u20ac MASSAGE SERPENTIN* 40MIN\/40\u20ac OU AVEC GOMMAGE 1H\u00a080\u20ac MASSAGE BALINAIS* 1H10 75\u20ac MASSAGE SPORTIF 45MIN\/50\u20ac 1H\/70\u20ac MASSAGE RELAXANT\u00a0\u00a030MIN35\u20ac 50MIN 60\u20ac\u00a0 1H70\u20ac REFLEXOLOGIE PLANTAIRE 45MIN\/45\u20ac MASSAGE DES PIEDS 25MIN\/30\u20ac MASSAGE DRAINAGE LYMPHATIQUE\u00a0 METHODE [&hellip;]<\/p>\n","protected":false},"author":1,"featured_media":0,"parent":0,"menu_order":0,"comment_status":"closed","ping_status":"closed","template":"","meta":{"site-sidebar-layout":"no-sidebar","site-content-layout":"page-builder","ast-site-content-layout":"full-width-container","site-content-style":"unboxed","site-sidebar-style":"unboxed","ast-global-header-display":"","ast-banner-title-visibility":"","ast-main-header-display":"","ast-hfb-above-header-display":"","ast-hfb-below-header-display":"","ast-hfb-mobile-header-display":"","site-post-title":"disabled","ast-breadcrumbs-content":"","ast-featured-img":"disabled","footer-sml-layout":"","theme-transparent-header-meta":"default","adv-header-id-meta":"","stick-header-meta":"","header-above-stick-meta":"","header-main-stick-meta":"","header-below-stick-meta":"","astra-migrate-meta-layouts":"set","ast-page-background-enabled":"default","ast-page-background-meta":{"desktop":{"background-color":"","background-image":"","background-repeat":"repeat","background-position":"center center","background-size":"auto","background-attachment":"scroll","background-type":"","background-media":"","overlay-type":"","overlay-color":"","overlay-gradient":""},"tablet":{"background-color":"","background-image":"","background-repeat":"repeat","background-position":"center center","background-size":"auto","background-attachment":"scroll","background-type":"","background-media":"","overlay-type":"","overlay-color":"","overlay-gradient":""},"mobile":{"background-color":"","background-image":"","background-repeat":"repeat","background-position":"center center","background-size":"auto","background-attachment":"scroll","background-type":"","background-media":"","overlay-type":"","overlay-color":"","overlay-gradient":""}},"ast-content-background-meta":{"desktop":{"background-color":"var(--ast-global-color-5)","background-image":"","background-repeat":"repeat","background-position":"center center","background-size":"auto","background-attachment":"scroll","background-type":"","background-media":"","overlay-type":"","overlay-color":"","overlay-gradient":""},"tablet":{"background-color":"var(--ast-global-color-5)","background-image":"","background-repeat":"repeat","background-position":"center center","background-size":"auto","background-attachment":"scroll","background-type":"","background-media":"","overlay-type":"","overlay-color":"","overlay-gradient":""},"mobile":{"background-color":"var(--ast-global-color-5)","background-image":"","background-repeat":"repeat","background-position":"center center","background-size":"auto","background-attachment":"scroll","background-type":"","background-media":"","overlay-type":"","overlay-color":"","overlay-gradient":""}}},"_links":{"self":[{"href":"https:\/\/institut-lapalud.fr\/index.php?rest_route=\/wp\/v2\/pages\/28"}],"collection":[{"href":"https:\/\/institut-lapalud.fr\/index.php?rest_route=\/wp\/v2\/pages"}],"about":[{"href":"https:\/\/institut-lapalud.fr\/index.php?rest_route=\/wp\/v2\/types\/page"}],"author":[{"embeddable":true,"href":"https:\/\/institut-lapalud.fr\/index.php?rest_route=\/wp\/v2\/users\/1"}],"replies":[{"embeddable":true,"href":"https:\/\/institut-lapalud.fr\/index.php?rest_route=%2Fwp%2Fv2%2Fcomments&post=28"}],"version-history":[{"count":349,"href":"https:\/\/institut-lapalud.fr\/index.php?rest_route=\/wp\/v2\/pages\/28\/revisions"}],"predecessor-version":[{"id":2066,"href":"https:\/\/institut-lapalud.fr\/index.php?rest_route=\/wp\/v2\/pages\/28\/revisions\/2066"}],"wp:attachment":[{"href":"https:\/\/institut-lapalud.fr\/index.php?rest_route=%2Fwp%2Fv2%2Fmedia&parent=28"}],"curies":[{"name":"wp","href":"https:\/\/api.w.org\/{rel}","templated":true}]}}